{"id":2,"date":"2023-02-02T20:41:31","date_gmt":"2023-02-02T19:41:31","guid":{"rendered":"http:\/\/fw.ofn.fi\/?page_id=2"},"modified":"2024-01-03T10:51:34","modified_gmt":"2024-01-03T08:51:34","slug":"page-d-exemple","status":"publish","type":"page","link":"https:\/\/fw.ofn.fi\/","title":{"rendered":"F\u00f6reningen Wiborg rf."},"content":{"rendered":"\n<p class=\"has-text-align-left\">F\u00f6reningen Wiborg rf. \u00e4r \u00d6stra Finlands Nation vid Helsingfors Universitets garantif\u00f6rening (<a href=\"http:\/\/www.ofn.fi\" data-type=\"link\" data-id=\"www.ofn.fi\">www.ofn.fi<\/a>).<\/p>\n\n\n\n<p>F\u00f6reningens syfte \u00e4r att fungera som en underst\u00f6dande f\u00f6rening till \u00d6FN och att ideellt och ekonomiskt st\u00f6da \u00d6FNs verksamhet. F\u00f6reningen har dessutom av nationsm\u00f6tet utsetts till nationens \u00e4ldremedlemsf\u00f6rening.<\/p>\n\n\n\n<p>F\u00f6reningen grundades 2011 och kan som medlem anta personer som st\u00f6der f\u00f6reningens m\u00e5l och som har ett intresse i nationen eller Viborgstraditioner. M\u00e5nga medlemmar \u00e4r \u00e4ldre medlemmar av \u00d6FN, men \u00e4ven andra personer som vill st\u00f6da \u00d6FN och dess traditioner kan ans\u00f6ka om medlemskap. \u00c4ven sammanslutningar kan bli medlem av f\u00f6reningen.<\/p>\n\n\n\n<p>F\u00f6reningen arrangerar i samband med sina v\u00e5r- och h\u00f6stm\u00f6ten program f\u00f6r sina medlemmar, ofta i form av ett bes\u00f6k till n\u00e5got intressant st\u00e4lle. Det har \u00e4ven arrangerats exkursioner till intressanta m\u00e5l p\u00e5 sommaren, s\u00e5som Mustila arboretum och Simsal\u00f6. Dessutom deltar f\u00f6reningen aktivt i nationens program s\u00e5som \u00e5rsfesten och arrangerar tillsammans med de yngre \u00e4ldre medlemmarna av nationen en gemensam fest p\u00e5 h\u00f6sten. F\u00f6reningen deltar \u00e4ven \u00e5rligen i den Viborgska 7 januarisoar\u00e9n (<a href=\"http:\/\/www.wiborg.fi\" data-type=\"link\" data-id=\"www.wiborg.fi\">www.wiborg.fi<\/a>).<\/p>\n\n\n\n<h5 class=\"wp-block-heading\"><mark style=\"background-color:rgba(0, 0, 0, 0);color:#1a4382\" class=\"has-inline-color\">Dataskydd<\/mark><\/h5>\n\n\n\n<p>F\u00f6r information om hur dina personuppgifter behandlas eller \u00f6nskan om korrigering eller radering av uppgifter, v\u00e4nligen kontakta f\u00f6reningens ordf\u00f6rande (ordforande (\u00e4t) foreningenwiborg.fi) f\u00f6r att ta del av v\u00e5ra dataskyddsregister. S\u00e5 l\u00e4nge medlemskapet eller \u00e5rsdeltagandet fortg\u00e5r \u00e4r det inte m\u00f6jligt att beg\u00e4ra radering av sina uppgifter eller att begr\u00e4nsa eller inv\u00e4nda mot behandlingen av dem.<\/p>\n","protected":false},"excerpt":{"rendered":"<p>F\u00f6reningen Wiborg rf. \u00e4r \u00d6stra Finlands Nation vid Helsingfors Universitets garantif\u00f6rening (www.ofn.fi). F\u00f6reningens syfte \u00e4r att fungera som en underst\u00f6dande f\u00f6rening till \u00d6FN och att ideellt och ekonomiskt st\u00f6da \u00d6FNs verksamhet. F\u00f6reningen har dessutom av nationsm\u00f6tet utsetts till nationens \u00e4ldremedlemsf\u00f6rening. F\u00f6reningen grundades 2011 och kan som medlem anta personer som st\u00f6der f\u00f6reningens m\u00e5l och som [&hellip;]<\/p>\n","protected":false},"author":1,"featured_media":0,"parent":0,"menu_order":0,"comment_status":"closed","ping_status":"open","template":"","meta":{"footnotes":""},"class_list":["post-2","page","type-page","status-publish","hentry"],"_links":{"self":[{"href":"https:\/\/fw.ofn.fi\/index.php\/wp-json\/wp\/v2\/pages\/2","targetHints":{"allow":["GET"]}}],"collection":[{"href":"https:\/\/fw.ofn.fi\/index.php\/wp-json\/wp\/v2\/pages"}],"about":[{"href":"https:\/\/fw.ofn.fi\/index.php\/wp-json\/wp\/v2\/types\/page"}],"author":[{"embeddable":true,"href":"https:\/\/fw.ofn.fi\/index.php\/wp-json\/wp\/v2\/users\/1"}],"replies":[{"embeddable":true,"href":"https:\/\/fw.ofn.fi\/index.php\/wp-json\/wp\/v2\/comments?post=2"}],"version-history":[{"count":12,"href":"https:\/\/fw.ofn.fi\/index.php\/wp-json\/wp\/v2\/pages\/2\/revisions"}],"predecessor-version":[{"id":111,"href":"https:\/\/fw.ofn.fi\/index.php\/wp-json\/wp\/v2\/pages\/2\/revisions\/111"}],"wp:attachment":[{"href":"https:\/\/fw.ofn.fi\/index.php\/wp-json\/wp\/v2\/media?parent=2"}],"curies":[{"name":"wp","href":"https:\/\/api.w.org\/{rel}","templated":true}]}}