{"id":27,"date":"2023-02-10T19:08:31","date_gmt":"2023-02-10T17:08:31","guid":{"rendered":"http:\/\/fw.ofn.fi\/?page_id=27"},"modified":"2024-01-03T10:52:52","modified_gmt":"2024-01-03T08:52:52","slug":"program","status":"publish","type":"page","link":"https:\/\/fw.ofn.fi\/index.php\/program\/","title":{"rendered":"Program"},"content":{"rendered":"\n<h5 class=\"wp-block-heading\"><mark style=\"background-color:rgba(0, 0, 0, 0);color:#1a4382\" class=\"has-inline-color\">Program<\/mark><\/h5>\n\n\n\n<p>F\u00f6reningen arrangerar program i samband med v\u00e5rm\u00f6tet, som ofta arrangeras p\u00e5 Kristi Himmelsf\u00e4rd, samt h\u00f6stm\u00f6tet vilken ofta arrangeras i november. Dessutom arrangeras sommarexkursioner, ofta i Nyland. \u00c5rligen deltar vi \u00e4ven p\u00e5 7de Jauarisoar\u00e9n samt arrangerar program tillsammans med \u00d6stra Finlands Nations Yngre \u00c4ldre medlemmar, s\u00e5som en gemensam Julfest.<\/p>\n\n\n\n<p>Mera information om v\u00e5rt aktuella program hittas p\u00e5 v\u00e5r <a href=\"https:\/\/www.facebook.com\/ForeningenWiborg\/?locale=sv_SE\" data-type=\"link\" data-id=\"https:\/\/www.facebook.com\/ForeningenWiborg\/?locale=sv_SE\">facebooksida <\/a><\/p>\n\n\n\n<p>F\u00f6reningens medlemmar blir \u00e4ven av nationen inbjuden till \u00e5rsfest samt kuratorsskiftesmiddag.<\/p>\n\n\n\n<h5 class=\"wp-block-heading\"><mark style=\"background-color:rgba(0, 0, 0, 0);color:#1a4382\" class=\"has-inline-color\">Tidigare program<\/mark><\/h5>\n\n\n\n<p>F\u00f6reningen har bland annat arrangerat bes\u00f6k till Stensb\u00f6le och Tjusterby g\u00e5rd i \u00d6stra Nyland samt tillsammans med nationen bes\u00f6kt Viborg. F\u00f6reningen deltog \u00e4ven p\u00e5 V\u00e4stmanlands-Dala nations V\u00e5rbal i Uppsala \u00e5r 2019. Vi har \u00e4ven bes\u00f6kt centrumbiblioteket Ode och Arboretum Mustila samt rest med J.L.Runeberg till Borg\u00e5, d\u00e4r vi bes\u00f6kt Borg\u00e5 Gymnasiums bibliotek.<\/p>\n","protected":false},"excerpt":{"rendered":"<p>Program F\u00f6reningen arrangerar program i samband med v\u00e5rm\u00f6tet, som ofta arrangeras p\u00e5 Kristi Himmelsf\u00e4rd, samt h\u00f6stm\u00f6tet vilken ofta arrangeras i november. Dessutom arrangeras sommarexkursioner, ofta i Nyland. \u00c5rligen deltar vi \u00e4ven p\u00e5 7de Jauarisoar\u00e9n samt arrangerar program tillsammans med \u00d6stra Finlands Nations Yngre \u00c4ldre medlemmar, s\u00e5som en gemensam Julfest. Mera information om v\u00e5rt aktuella program [&hellip;]<\/p>\n","protected":false},"author":2,"featured_media":0,"parent":0,"menu_order":0,"comment_status":"closed","ping_status":"closed","template":"","meta":{"footnotes":""},"class_list":["post-27","page","type-page","status-publish","hentry"],"_links":{"self":[{"href":"https:\/\/fw.ofn.fi\/index.php\/wp-json\/wp\/v2\/pages\/27","targetHints":{"allow":["GET"]}}],"collection":[{"href":"https:\/\/fw.ofn.fi\/index.php\/wp-json\/wp\/v2\/pages"}],"about":[{"href":"https:\/\/fw.ofn.fi\/index.php\/wp-json\/wp\/v2\/types\/page"}],"author":[{"embeddable":true,"href":"https:\/\/fw.ofn.fi\/index.php\/wp-json\/wp\/v2\/users\/2"}],"replies":[{"embeddable":true,"href":"https:\/\/fw.ofn.fi\/index.php\/wp-json\/wp\/v2\/comments?post=27"}],"version-history":[{"count":3,"href":"https:\/\/fw.ofn.fi\/index.php\/wp-json\/wp\/v2\/pages\/27\/revisions"}],"predecessor-version":[{"id":115,"href":"https:\/\/fw.ofn.fi\/index.php\/wp-json\/wp\/v2\/pages\/27\/revisions\/115"}],"wp:attachment":[{"href":"https:\/\/fw.ofn.fi\/index.php\/wp-json\/wp\/v2\/media?parent=27"}],"curies":[{"name":"wp","href":"https:\/\/api.w.org\/{rel}","templated":true}]}}